 to base 16
218f1
What is -5222125 (base 6) in base 11?
-162299
What is -11331102301 (base 4) in base 16?
-17d4b1
What is 5440202 (base 6) in base 5?
32112032
Convert -330022011 (base 4) to base 16.
-3c285
Convert 687604 (base 10) to base 13.
1b0c88
-310223120 (base 4) to base 7
-1556030
What is 305ae8 (base 15) in base 10?
2297468
Convert 110000100101111100001 (base 2) to base 3.
2222220012200
What is 428d27 (base 15) in base 12?
10898b4
Convert 344045011 (base 6) to base 12.
2163767
What is 225c4 (base 16) in base 3?
21011001121
What is 125155243 (base 6) in base 4?
21133132023
Convert 102210121201212 (base 3) to base 8.
27730642
What is -11111100101010011 (base 2) in base 10?
-129363
-664034 (base 8) to base 4
-312200130
25f8a2 (base 16) to base 9
4612500
What is 12261442 (base 7) in base 15?
16d1da
Convert 223232 (base 8) to base 3.
10211110021
What is -121730 (base 11) in base 16?
-2f020
513254 (base 8) to base 7
1304406
Convert -3a51f (base 16) to base 6.
-5041531
What is 2212221323 (base 4) in base 16?
a6a7b
Convert 11015000 (base 6) to base 4.
1100110020
What is -113201323 (base 4) in base 11?
-66458
Convert -302404213 (base 5) to base 7.
-13223503
Convert 1311020030 (base 4) to base 7.
4035464
-20203320330 (base 4) to base 7
-25034505
65066261 (base 7) to base 8
25120174
Convert 1320682 (base 10) to base 14.
265426
Convert 244561 (base 10) to base 14.
651a9
What is -45b41 (base 16) in base 12?
-119281
What is -20001340 (base 5) in base 13?
-562b2
Convert 10103324 (base 6) to base 10.
288484
7a8d1 (base 14) to base 16
48c77
What is 1b065b (base 13) in base 4?
2213213122
Convert -3b577 (base 13) to base 14.
-2c53b
41a6a9 (base 11) to base 9
1235157
What is -3617402 (base 8) in base 4?
-3301330002
What is 1431144231 (base 5) in base 7?
44026356
-3325366 (base 7) to base 13
-114868
d741 (base 16) to base 3
2210120221
10555555 (base 6) to base 16
4fbbf
110201121100 (base 3) to base 10
250488
-555758 (base 10) to base 2
-10000111101011101110
100101001111000011 (base 2) to base 3
21202012201
Convert 471e1 (base 15) to base 13.
7c17a
57558 (base 10) to base 4
32003112
Convert 254330 (base 8) to base 14.
2425a
What is -52383 (base 11) in base 10?
-76321
What is -111011100001100101 (base 2) in base 4?
-323201211
Convert 4e02a5 (base 16) to base 5.
2302044420
2b947 (base 12) to base 11
42500
-255233354 (base 6) to base 7
-60414322
What is -373933 (base 10) in base 16?
-5b4ad
Convert -10121111122210 (base 3) to base 7.
-22212234
-33111643 (base 7) to base 11
-1672367
Convert -1b678 (base 14) to base 12.
-34536
-43332102 (base 5) to base 6
-11541050
What is -233373 (base 9) in base 12?
-69219
Convert -88992 (base 10) to base 13.
-31677
Convert -1000110101000101111010 (base 2) to base 16.
-23517a
7176 (base 14) to base 16
4c34
What is -213430414 (base 5) in base 15?
-132c24
What is 23300441 (base 5) in base 8?
637215
76299 (base 10) to base 13
28962
Convert -1243263 (base 8) to base 5.
-42031104
7470737 (base 8) to base 6
110433103
What is 239cb1 (base 13) in base 7?
10140521
What is -26340245 (base 7) in base 8?
-11151120
-101022112111120 (base 3) to base 15
-734666
What is -21210100012 (base 3) in base 2?
-100101011011111010
13221232020 (base 4) to base 3
10202220120110
-111330302 (base 5) to base 2
-1111001000001010110
Convert -507ae9 (base 16) to base 8.
-24075351
Convert 20211012100021 (base 3) to base 2.
1101110101001001011111
Convert 12cb0b (base 14) to base 12.
27401b
21573535 (base 9) to base 11
5991678
What is -20622033 (base 8) in base 16?
-43241b
Convert -10001011010001010 (base 2) to base 14.
-1bdb4
Convert -19b786 (base 13) to base 8.
-2374752
What is 75682 (base 9) in base 11?
34735
What is -22a4186 (base 11) in base 16?
-3d4c15
Convert -22120211210012 (base 3) to base 6.
-241450435
What is 362184 (base 9) in base 8?
652020
Convert -3d1c44 (base 15) to base 3.
-12112111012101
What is -67241 (base 14) in base 8?
-750451
-2a31601 (base 11) to base 14
-994c8d
5ca31 (base 16) to base 7
3140146
1297348 (base 12) to base 16
383228
Convert -4104032 (base 6) to base 10.
-195284
267146 (base 9) to base 2
100111101110000010
38073 (base 13) to base 15
20953
What is 1354213 (base 6) in base 14?
202d3
Convert -10201220011 (base 3) to base 9.
-121804
3196b8 (base 13) to base 15
17ea88
-10001100100101010 (base 2) to base 12
-357a2
Convert 64caa0 (base 14) to base 4.
31001321110
-2131221443 (base 5) to base 7
-53466533
Convert -141294 (base 13) to base 2.
-1110111001100000001
12217206 (base 8) to base 5
1142213130
-1dda (base 14) to base 6
-41220
Convert -5234761 (base 10) to base 4.
-103332001021
11000101111011011 (base 2) to base 8
305733
Convert 232415354 (base 6) to base 9.
8123107
What is 5721092 (base 10) in base 7?
66425366
Convert -2113330222 (base 5) to base 12.
-1599603
Convert -46105562 (base 7) to base 2.
-1111010101001010111101
Convert -10350125 (base 6) to base 8.
-1135045
What is -322004223 (base 5) in base 2?
-101001100000001000010
Convert 647bb5 (base 12) to base 15.
216088
What is -3263063 (base 10) in base 9?
-6123065
-1aef5 (base 16) to base 7
-636435
Convert 10001111100110111000011 (base 2) to base 14.
8a6cb9
Convert a1058 (base 15) to base 14.
d3a7a
-2406883 (base 9) to base 11
-810934
-7501447 (base 9) to base 7
-46065463
What is -1111001000001001101 (base 2) in base 3?
-221011222000
What is 196259 (base 10) in base 11?
1244a8
Convert 1310a09 (base 12) to base 13.
a15cc5
Convert -1202322230 (base 4) to base 2.
-1100010111010101100
What is -10234342 (base 7) in base 10?
-865909
What is -133246 (base 7) in base 4?
-12021103
1dce1 (base 15) to base 10
97411
Convert 1361653 (base 8) to base 16.
5e3ab
Convert 3156631 (base 7) to base 6.
12122221
-149a91b (base 12) to base 2
-1111111110000110100111
11f6b9 (base 16) to base 4
10133122321
392448 (base 10) to base 3
201221100010
Convert -705611 (base 8) to base 16.
-38b89
Convert 954ab (base 15) to base 4.
1303213121
Convert -1010101110011101111010 (base 2) to base 6.
-140133242
-1210324 (base 6) to base 16
-f88c
What is -1000001110111101000100 (base 2) in base 16?
-20ef44
Convert -10201104 (base 5) to base 13.
-2c623
663702 (base 8) to base 7
1616433
What is -a1658 (base 13) in base 7?
-2312154
Convert 294421 (base 13) to base 6.
33343514
What is -4da018 (base 15) in base 4?
-32032133312
262411 (base 8) to base 13
327ab
-98c09 (base 15) to base 8
-1663726
Convert -1a19d7 (base 14) to base 8.
-3421731
What is -163999 (base 12) in base 10?
-379845
Convert -6427b (base 14) to base 7.
-2025314
Convert -1460530 (base 7) to base 8.
-605575
-1232234432 (base 5) to base 12
-1011206
Convert -54b430 (base 12) to base 10.
-1346724
What is 2714540 (base 11) in base 7?
54605441
Convert -2211120101 (base 3) to base 12.
-28377
What is 262946 (base 12) in base 10?
626886
What is 1d1d16 (base 14) in base 15?
158d7e
-2027130 (base 8) to base 2
-10000010111001011000
Convert 418260 (base 10) to base 5.
101341020
Convert 224489 (base 16) to base 10.
2245769
-30460155 (base 7) to base 3
-11210200011120
What is 25422235 (base 6) in base 8?
3117757
What is 15013625 (base 7) in base 12?
58320b
-1324011 (base 8) to base 15
-74c82
Convert -167872 (base 16) to base 8.
-5474162
Convert 12397 (base 15) to base 12.
29814
What is 1002260 (base 8) in base 6?
5351104
What is -54022 (base 12) in base 4?
-123000122
Convert 371829 (base 10) to base 3.
200220001110
1011110100011001 (base 2) to base 11
33409
-141445122 (base 6) to base 12
-b707a2
What is 212001222000 (base 3) in base 7?
3601011
1513517 (base 8) to base 10
431951
Convert 223422 (base 6) to base 10.
18950
11233021 (base 4) to base 10
23497
Convert -a1cd8 (base 15) to base 4.
-1331020100
-88bcc8 (base 15) to base 3
-110021020202222
-6671131 (base 8) to base 4
-12313021121
What is 10655a3 (base 11) in base 5?
434214110
Convert -121105025 (base 7) to base 15.
-9e1702
10101111110110001 (base 2) to base 9
146446
-1337b1a (base 14) to base 2
-100011011001100010011100
Convert -7049b9 (base 16) to base 15.
-9a563a
c29328 (base 13) to base 9
8468033
Convert 20210111201 (base 3) to base 15.
29987
2572068 (base 9) to base 7
14642612
What is 105416 (base 11) in base 4?
221010033
What is 259a44 (base 11) in base 13?
113c56
What is -98446 (base 12) in base 10?
-20107